{"version":"1.0","provider_name":"\u00d6ffentlicher Raum - Planer und Architekten - Lintel-Gruppe","provider_url":"https:\/\/lintel-gruppe.de\/projekte","title":"KlimaAktivStein - \u00d6ffentlicher Raum - Planer und Architekten - Lintel-Gruppe","type":"rich","width":600,"height":338,"html":"<blockquote class=\"wp-embedded-content\" data-secret=\"157Ct6AEoN\"><a href=\"https:\/\/lintel-gruppe.de\/projekte\/produkt\/klimaaktivstein\/\">KlimaAktivStein<\/a><\/blockquote><iframe sandbox=\"allow-scripts\" security=\"restricted\" src=\"https:\/\/lintel-gruppe.de\/projekte\/produkt\/klimaaktivstein\/embed\/#?secret=157Ct6AEoN\" width=\"600\" height=\"338\" title=\"&#8222;KlimaAktivStein&#8220; &#8211; \u00d6ffentlicher Raum - Planer und Architekten - Lintel-Gruppe\" data-secret=\"157Ct6AEoN\" frameborder=\"0\" marginwidth=\"0\" marginheight=\"0\" scrolling=\"no\" class=\"wp-embedded-content\"><\/iframe><script>\n\/*! This file is auto-generated *\/\n!function(d,l){\"use strict\";l.querySelector&&d.addEventListener&&\"undefined\"!=typeof URL&&(d.wp=d.wp||{},d.wp.receiveEmbedMessage||(d.wp.receiveEmbedMessage=function(e){var t=e.data;if((t||t.secret||t.message||t.value)&&!\/[^a-zA-Z0-9]\/.test(t.secret)){for(var s,r,n,a=l.querySelectorAll('iframe[data-secret=\"'+t.secret+'\"]'),o=l.querySelectorAll('blockquote[data-secret=\"'+t.secret+'\"]'),c=new RegExp(\"^https?:$\",\"i\"),i=0;i<o.length;i++)o[i].style.display=\"none\";for(i=0;i<a.length;i++)s=a[i],e.source===s.contentWindow&&(s.removeAttribute(\"style\"),\"height\"===t.message?(1e3<(r=parseInt(t.value,10))?r=1e3:~~r<200&&(r=200),s.height=r):\"link\"===t.message&&(r=new URL(s.getAttribute(\"src\")),n=new URL(t.value),c.test(n.protocol))&&n.host===r.host&&l.activeElement===s&&(d.top.location.href=t.value))}},d.addEventListener(\"message\",d.wp.receiveEmbedMessage,!1),l.addEventListener(\"DOMContentLoaded\",function(){for(var e,t,s=l.querySelectorAll(\"iframe.wp-embedded-content\"),r=0;r<s.length;r++)(t=(e=s[r]).getAttribute(\"data-secret\"))||(t=Math.random().toString(36).substring(2,12),e.src+=\"#?secret=\"+t,e.setAttribute(\"data-secret\",t)),e.contentWindow.postMessage({message:\"ready\",secret:t},\"*\")},!1)))}(window,document);\n\/\/# sourceURL=https:\/\/lintel-gruppe.de\/projekte\/wp-includes\/js\/wp-embed.min.js\n<\/script>\n","thumbnail_url":"https:\/\/lintel-gruppe.de\/projekte\/wp-content\/uploads\/KlimaAktivStein-Beschreibung.jpg","thumbnail_width":800,"thumbnail_height":842,"description":"Play Video Hier finden Sie erste Referenzen: Hamburg, Schulhof Alsteredder Bremen, Trainingszentrum Werder Bremen\u00a0 V\u00f6hl, Stellplatz Waldkindergarten Ausschreibungstext Download Nachhaltiges Design f\u00fcr eine bessere Lebensqualit\u00e4t In Zeiten des Klimawandels mit steigenden Durchschnittstemperaturen und zunehmender Urbanisierung wird die K\u00fchlung st\u00e4dtischer Lebensr\u00e4ume immer wichtiger. Hier kommt der KlimaAktivStein ins Spiel \u2013 unsere neuartige Entwicklung, die nicht nur [&hellip;]"}

Öffentlicher Raum - Planer und Architekten - Lintel-Gruppe

KlimaAktivStein - Öffentlicher Raum - Planer und Architekten - Lintel-Gruppe

<blockquote class="wp-embedded-content" data-secret="157Ct6AEoN"><a href="https://lintel-gruppe.de/projekte/produkt/klimaaktivstein/">KlimaAktivStein</a></blockquote><iframe sandbox="allow-scripts" security="restricted" src="https://lintel-gruppe.de/projekte/produkt/klimaaktivstein/embed/#?secret=157Ct6AEoN" width="600" height="338" title="&#8222;KlimaAktivStein&#8220; &#8211; Öffentlicher Raum - Planer und Architekten - Lintel-Gruppe" data-secret="157Ct6AEoN" frameborder="0" marginwidth="0" marginheight="0" scrolling="no" class="wp-embedded-content"></iframe><script>
/*! This file is auto-generated */
!function(d,l){"use strict";l.querySelector&&d.addEventListener&&"undefined"!=typeof URL&&(d.wp=d.wp||{},d.wp.receiveEmbedMessage||(d.wp.receiveEmbedMessage=function(e){var t=e.data;if((t||t.secret||t.message||t.value)&&!/[^a-zA-Z0-9]/.test(t.secret)){for(var s,r,n,a=l.querySelectorAll('iframe[data-secret="'+t.secret+'"]'),o=l.querySelectorAll('blockquote[data-secret="'+t.secret+'"]'),c=new RegExp("^https?:$","i"),i=0;i<o.length;i++)o[i].style.display="none";for(i=0;i<a.length;i++)s=a[i],e.source===s.contentWindow&&(s.removeAttribute("style"),"height"===t.message?(1e3<(r=parseInt(t.value,10))?r=1e3:~~r<200&&(r=200),s.height=r):"link"===t.message&&(r=new URL(s.getAttribute("src")),n=new URL(t.value),c.test(n.protocol))&&n.host===r.host&&l.activeElement===s&&(d.top.location.href=t.value))}},d.addEventListener("message",d.wp.receiveEmbedMessage,!1),l.addEventListener("DOMContentLoaded",function(){for(var e,t,s=l.querySelectorAll("iframe.wp-embedded-content"),r=0;r<s.length;r++)(t=(e=s[r]).getAttribute("data-secret"))||(t=Math.random().toString(36).substring(2,12),e.src+="#?secret="+t,e.setAttribute("data-secret",t)),e.contentWindow.postMessage({message:"ready",secret:t},"*")},!1)))}(window,document);
//# sourceURL=https://lintel-gruppe.de/projekte/wp-includes/js/wp-embed.min.js
</script>

Play Video Hier finden Sie erste Referenzen: Hamburg, Schulhof Alsteredder Bremen, Trainingszentrum Werder Bremen  Vöhl, Stellplatz Waldkindergarten Ausschreibungstext Download Nachhaltiges Design für eine bessere Lebensqualität In Zeiten des Klimawandels mit steigenden Durchschnittstemperaturen und zunehmender Urbanisierung wird die Kühlung städtischer Lebensräume immer wichtiger. Hier kommt der KlimaAktivStein ins Spiel – unsere neuartige Entwicklung, die nicht nur [&hellip;]
